et g(b) = 4250*b - 110499. What is g(26)?
1
Let c(g) = g**3 + 192*g**2 + 759*g + 1200. Determine c(-188).
-116
Let b(d) = -2*d**3 - 663*d**2 - 1609*d + 11842. Give b(-329).
-2
Let u(i) = 7*i**2 + 3390*i + 10149. Calculate u(-3).
42
Let v(r) = 604*r + 82833. Give v(-137).
85
Let p(y) = -2158*y + 125159. Give p(58).
-5
Let f(c) = -3*c**2 + 263*c + 7349. Determine f(110).
-21
Let g(m) = 2*m**3 - 255*m**2 + 194*m - 8490. Give g(127).
19
Let a(s) = s**2 - 17300*s - 1128714. Calculate a(-65).
11
Let q(s) = 7*s**3 + 2648*s**2 + 753*s - 1152. Give q(-378).
-18
Let y(b) = -3*b**3 + 1017*b**2 - 94*b + 31858. What is y(339)?
-8
Let i(t) = t**2 + 443*t - 7342. Calculate i(16).
2
Let w(r) = -2*r**2 + 313*r + 224829. Calculate w(-266).
59
Let i(d) = -5*d**3 - 372*d**2 - 144*d - 405. Calculate i(-74).
-701
Let g(k) = -97*k**3 + 44*k**2 + 191*k + 22. Give g(-3).
2464
Let w(u) = -495730*u - 20820667. Calculate w(-42).
-7
Let z(b) = -2718*b + 279957. Give z(103).
3
Let v(z) = 377*z + 5923. Calculate v(-18).
-863
Let y(x) = -7*x**2 - 123*x + 384. What is y(-16)?
560
Let j(m) = 2*m**3 + 111*m**2 + 48*m - 744. What is j(-55)?
-359
Let o(z) = -z**3 - 87*z**2 + 299*z + 2528. What is o(-90)?
-82
Let f(r) = 3*r**2 - 178*r + 1927. Give f(39).
-452
Let u(r) = 173*r - 15721. Give u(105).
2444
Let y(z) = -11*z**2 - 451*z - 4940. What is y(-12)?
-1112
Let p(b) = 486*b + 8853. Give p(-19).
-381
Let q(s) = 2*s**3 + 7*s**2 - 138*s - 555. What is q(-4)?
-19
Let a(i) = -i**3 + 62*i**2 - 825*i + 5532. Calculate a(47).
-108
Let a(u) = 129*u + 28427. Determine a(-220).
47
Let v(a) = -a**3 + 405*a**2 + 4139*a + 4569. Give v(415).
4
Let h(n) = -n**3 - 27*n**2 - 165*n - 2884. What is h(-25)?
-9
Let t(s) = -220*s**2 + 5490*s - 70. Determine t(25).
-320
Let j(f) = -93*f**2 - 2967*f - 1359. What is j(-31)?
1245
Let x(a) = -1002*a - 1985. Give x(-2).
19
Let q(s) = -s**3 + 834*s**2 + 14472*s + 91. Determine q(-17).
6
Let z(x) = x**2 + 1789*x - 1638141. Give z(667).
11
Let b(o) = -124*o - 19767. Give b(-116).
-5383
Let t(u) = 298491*u - 1492587. Determine t(5).
-132
Let k(v) = -18*v**3 + 1815*v**2 + 2182*v + 368. What is k(-1)?
19
Let c(v) = 709092*v + 48. Give c(0).
48
Let g(o) = -2*o**3 + 101*o**2 + 1142*o + 81. Calculate g(60).
201
Let u(w) = 2*w**2 - 1516*w - 75293. Calculate u(-47).
377
Let o(j) = 2909174*j + 2909168. Calculate o(-1).
-6
Let b(k) = k**3 - 6*k**2 - 167*k + 1009. What is b(6)?
7
Let r(v) = 4*v**2 - 392*v - 5279. Determine r(-12).
1
Let n(j) = j**3 + 43*j**2 + 28*j - 404. Give n(-42).
184
Let q(a) = 5273*a + 764557. Calculate q(-145).
-28
Let o(g) = 5*g**2 - 895*g + 21679. Calculate o(24).
3079
Let n(j) = 106*j**2 - 44*j + 95. Give n(2).
431
Let q(o) = -2*o**2 + 2911*o - 26043. Calculate q(9).
-6
Let z(f) = -f**3 - 286*f**2 - 567*f + 565. Calculate z(-284).
281
Let i(r) = -264*r**2 - 137*r + 277. What is i(2)?
-1053
Let u(y) = 82*y**3 + 2873*y**2 + 121*y + 351. What is u(-35)?
-209
Let j(l) = 3*l**2 - 79*l + 436. Calculate j(17).
-40
Let l(p) = -10*p**2 - 890*p - 19488. Determine l(-22).
-4748
Let f(b) = 1510*b**2 - 1031*b - 1032. What is f(-1)?
1509
Let t(u) = -2*u**2 - 176*u - 2812. Determine t(-24).
260
Let s(i) = -3*i**2 + 841*i + 44641. Give s(326).
-21
Let g(d) = -541*d + 3417. What is g(6)?
171
Let s(g) = -33938*g - 1866590. Give s(-55).
0
Let n(w) = -81*w**2 - 67559*w - 4184. Give n(-834).
-14
Let f(n) = n**3 - 180*n**2 + 859*n + 2041. Calculate f(175).
-759
Let d(z) = -1429*z**2 - 32854*z + 325. What is d(-23)?
26
Let p(g) = -g**2 + 215*g + 3729. Calculate p(-18).
-465
Let p(b) = 3505*b - 343479. Determine p(98).
11
Let v(m) = 413*m - 22855. Calculate v(52).
-1379
Let c(k) = 40*k**3 - 79*k**2 + 243*k - 496. What is c(2)?
-6
Let f(y) = 64174*y + 128340. What is f(-2)?
-8
Let h(d) = -33*d**3 + d**2 + 58*d - 32. Calculate h(0).
-32
Let k(f) = -f**2 + 130*f + 17640. Calculate k(-83).
-39
Let x(z) = -z**3 + 149*z**2 - 1279*z + 2518. What is x(140)?
-142
Let o(r) = -76653*r + 459841. Calculate o(6).
-77
Let i(p) = 1668*p - 11737. Give i(7).
-61
Let s(a) = -69*a**2 - 719*a + 2776. What is s(3)?
-2
Let o(c) = 6274*c - 276039. Calculate o(44).
17
Let o(n) = -n**2 - 2845*n + 51784. What is o(18)?
250
Let h(z) = -2*z**3 + 77*z**2 + 77*z - 6964. Determine h(37).
-8
Let o(t) = t**3 - 2*t**2 - 79*t + 192. What is o(0)?
192
Let s(q) = -7*q**3 + 82*q**2 + 1953*q - 20736. Determine s(10).
-6
Let g(t) = 9*t**2 - 1360*t + 338. Give g(151).
187
Let r(d) = 51442*d - 51614. Determine r(1).
-172
Let y(m) = -m**2 - 47*m - 2728. Determine y(-25).
-2178
Let k(j) = -3513*j**2 - 52683*j - 14. Give k(-15).
-194
Let r(g) = 853*g + 9651. Give r(-10).
1121
Let y(q) = -6*q**3 + q**2 - 2*q + 1746. What is y(0)?
1746
Let m(v) = 295*v**2 - 2300*v - 112. Calculate m(8).
368
Let k(o) = -1525*o - 8535. What is k(-6)?
615
Let r(l) = -l**3 - 27*l**2 + 185*l + 6525. Calculate r(-22).
35
Let p(n) = -4*n**2 - 241*n - 2119. What is p(-11)?
48
Let y(i) = 20*i**2 + 4693*i + 3521. Give y(-234).
479
Let x(j) = -210717*j + 2528608. Give x(12).
4
Let d(y) = -11*y**2 - 5625*y + 51532. Calculate d(9).
16
Let j(d) = d**3 - 164*d**2 + 2635*d - 77. Give j(18).
49
Let m(s) = -70*s**2 - 240*s - 1178. Calculate m(-5).
-1728
Let f(v) = -1635*v - 1100484. Determine f(-673).
-129
Let b(p) = p**2 - 189*p + 726. Calculate b(0).
726
Let i(x) = 2*x**2 + 1428*x + 79649. Give i(-61).
-17
Let c(i) = i**3 + 20*i**2 - 2050*i - 1922. Determine c(-56).
-18
Let j(h) = -878009*h + 3512053. Give j(4).
17
Let h(u) = -42*u**2 + 9062*u + 2189. Calculate h(216).
29
Let j(a) = 4*a**2 - 5012*a + 317861. What is j(1186)?
13
Let t(w) = -5*w**3 - 10*w**2 + 140*w + 152. Give t(-1).
7
Let v(o) = -5020*o + 103720. Determine v(21).
-1700
Let j(t) = 12*t**2 - 7*t - 530. What is j(-12)?
1282
Let x(j) = -2*j**3 - 66*j**2 - 234*j + 17. Give x(-4).
25
Let k(r) = -3*r**2 + 284*r - 231. Calculate k(93).
234
Let f(g) = -g**3 - 986*g**2 - 3705*g + 218999. What is f(-982)?
13
Let f(y) = 2*y**3 + 4*y**2 - 9*y + 331. Calculate f(6).
853
Let j(s) = s**3 - 10*s**2 + 3231*s - 25725. Give j(8).
-5
Let g(f) = f**2 - 67*f + 891. What is g(19)?
-21
Let z(s) = 5*s**3 + 117*s**2 + 664*s + 119. Give z(-14).
35
Let k(b) = 3244*b - 16017. Calculate k(5).
203
Let d(y) = 3*y**2 + 198*y + 2521. Give d(-17).
22
Let h(t) = 8767*t + 44856. Calculate h(-5).
1021
Let z(w) = w**2 + 26*w - 1338. Determine z(-65).
1197
Let o(y) = 443*y - 37756. Determine o(88).
1228
Let w(f) = -f**3 + 8*f**2 + 282*f - 2699. Give w(14).
73
Let z(n) = -2*n**3 + 245*n**2 + 1678*n - 140. Calculate z(129).
-11
Let z(c) = 387*c - 17751. Give z(46).
51
Let y(t) = -11*t**2 + 9423*t - 539018. Calculate y(795).
-8
Let o(t) = -20*t**2 - 19549*t - 155111. Give o(-8).
1
Let v(h) = -h**3 + 25*h**2 - 108*h - 723. Give v(14).
-79
Let a(d) = 3*d**3 - 7*d**2 - 109*d + 683. What is a(6)?
425
Let f(w) = -4*w**2 - 332*w + 8235. What is f(20)?
-5
Let h(r) = r**2 - 4*r - 21852. Determine h(150).
48
Let h(r) = 550*r - 18222. What is h(29)?
-2272
Let k(w) = -w**2 - 15404*w - 169317. Calculate k(-11).
6
Let v(l) = -778*l + 59439. Give v(69).
5757
Let f(c) = -22*c**2 + 1120*c - 996. Calculate f(50).
4
Let y(x) = x**3 - 35*x**2 + 300*x + 117. Give y(20).
117
Let j(x) = -22*x**2 - 3158*x - 1656. Calculate j(-143).
60
Let t(k) = -2097*k - 60803. What is t(-29)?
10
Let t(k) = -7*k**3 + 25*k**2 - 4*k - 9. Determine t(-3).
417
Let x(s) = -3*s**3 + 33*s**2 + 131*s + 11. Give x(15).
-724
Let d(k) = -2337*k**2 - 2331*k - 1. Determine d(-1).
-7
Let j(v) = 214*v - 12186. Calculate j(58).
226
Let d(t) = -t**3 - 102*t**2 + 680*t + 3408. Calculate d(-108).
-48
Let o(l) = -25212*l**2 - 176424*l + 14. Calculate o(-7).
-406
Let h(p) = -2*p**3 - 42*p**2 + 27*p - 7. What is h(-24)?
2801
Let u(z) = z**2 - 75*z - 386. Determine u(-7).
188
Let g(b) = 3*b**2 - 926*b + 69816. Determine g(131).
-7
Let a(m) = -m**3 - 13*m**2 + 132*m + 1459. Calculate a(-18).
703
Let b(s) = 17*s**2 + 6154*s - 24636. Calculate b(4).
252
Let m(l) = 88*l**2 + 50*l - 322. Give m(5).
2128
Let q(x) = -x**3 + 166*x**2 + 434*x + 12484. Determine q(169).
147
Let k(r) = r**3 - 848*r**2 + 279*r - 236592. What is k(848)?
0
Let o(y) = 32945*y - 955416. Give o(29).
-11
Let u(z) = -z**2 + 3984*z - 247023. What is u(63)?
0
Let h(c) = -221*c**2 - 25*c + 13. What is h(3)?
-2051
Let 